+ 238. Let p be v(0). Suppose p = 5*o + 3*c, -5*c - 42 = 4*o - 222. What is the highest common divisor of 10 and o?
10
Suppose -6*g + 7*g - 3 = 0. Suppose -g*k + 90 = -150. Calculate the greatest common factor of 32 and k.
16
Let r = 27 - 23. Let k be 3 + -2 - r - -4. Calculate the greatest common divisor of k and 4.
1
Suppose 2*j = -2*i + 9 + 47, -j + 2 = 0. Suppose -5*r - i + 66 = 0. What is the greatest common factor of 16 and r?
8
Let h be 1*(1 - 0)*24. Suppose -7*i = -4*i + 3*j - 153, 15 = 5*j. What is the greatest common factor of i and h?
24
Let c(q) = 13*q**2 + 1. Let o be c(-1). Suppose -2 = -3*v + 2*v. Calculate the greatest common factor of v and o.
2
Let u be (-2 - (-1)/1)*99/(-3). What is the greatest common divisor of 132 and u?
33
Suppose -4*q + 53 = -x, 2*q - 6*q + 44 = -4*x. Calculate the highest common divisor of 84 and q.
14
Suppose 0*s = 2*s - 22. Let p = s - -4. Let v = 172 + -97. What is the highest common factor of v and p?
15
Let m = -91 - -51. Let r be ((-6)/15)/(2/m). Suppose 11*j - 14*j = -48. Calculate the highest common factor of r and j.
8
Let r be 11/1 - (7 - 2). Calculate the highest common divisor of 48 and r.
6
Let t be (-4)/(-10) + 136/10. Suppose 0 = 4*a - t - 10. Let l be 3*a/(-9) + 22. Calculate the highest common divisor of 5 and l.
5
Suppose b = 2*q + 15, -2*q - 5 = b - 0. Let v be (b/(-1))/(2/(-4)). Calculate the greatest common factor of v and 40.
10
Let w(i) = i**3 + 3*i**2 - 3*i + 5. Let l be w(-4). Let f be (4 + 2 - l)*1. Calculate the highest common divisor of 20 and f.
5
Suppose 0 = -3*b + 4*y - 2*y + 65, 29 = b + 3*y. Let n = b + -36. Let z = 24 + n. What is the greatest common divisor of z and 121?
11
Suppose -f - 94 = -2*v, -4*v + v + 3*f + 144 = 0. Let a = -13 + v. Let t be (-44)/3*(-3)/2. What is the highest common factor of t and a?
11
Let i(h) = 5*h + 2 - 4 - 3*h + 9. Let m be i(6). What is the greatest common factor of m and 133?
19
Let y be 15*(-3 - (-4 + 2)). Let k be (-4)/(-6) + (-470)/y. What is the highest common factor of 80 and k?
16
Let w be (1 - (4 + -7)) + (-8)/(-2). Calculate the greatest common divisor of 48 and w.
8
Let j(h) = h + 1. Let r be j(-8). Let v = 4 + r. Let a be (5/(-2))/(v/12). What is the highest common factor of 15 and a?
5
Suppose -2*k + 4*k + 3 = 3*m, 0 = 3*k - 9. Let s be 3 + (m + 2 - -1). Calculate the greatest common divisor of s and 27.
9
Suppose 2*j - 50 = 6. What is the greatest common factor of j and 4?
4
Suppose -2*n = -3*n + 110. Suppose 0 = -4*a + 6*a - n. Let y = -9 - -20. What is the greatest common divisor of a and y?
11
Let d(t) = 2*t - t + 2 + 0. Let w be d(0). Suppose 0*n = w*n - 18. Calculate the greatest common divisor of n and 63.
9
Suppose -73 = -6*m + 23. What is the highest common divisor of 128 and m?
16
Suppose -3*x + 102 = -c, 2*x - 32 = -3*c + 47. Calculate the highest common divisor of x and 5.
5
Let a = -9 - -24. Suppose -2*r + 40 = 5*b, -2*r - 2*b + 15 = -19. What is the highest common factor of r and a?
15
Let f be (16/10)/(4/10). Suppose 0 = -2*r + 2*q + 34, -3*q - 48 = -f*r - 4*q. What is the greatest common divisor of 143 and r?
13
Suppose -h + 62 = 4*m - 66, -3*h = 5*m - 356. Calculate the greatest common divisor of h and 14.
14
Suppose 4*h - l - 44 = 211, 117 = 2*h + 3*l. Suppose 4*t = -20, 4*s - 5*t - 43 = 18. Calculate the greatest common divisor of s and h.
9
Suppose 0 = b - 0*b - 36. Let n(v) = v**3 + 4*v**2 - 4*v - 7. Let w be n(-4). What is the highest common factor of b and w?
9
Let x = -3 + 27. What is the greatest common factor of x and 192?
24
Suppose -12*w = -2*w - 1400. Calculate the highest common divisor of w and 20.
20
Let z(c) be the third derivative of c**6/120 + c**5/6 - c**4/12 - 5*c**3/6 - 2*c**2. Let s be z(-10). Calculate the greatest common divisor of 15 and s.
15
Let h(c) = -c - 1. Let u be h(-5). Suppose w = 4*m + 26, -6*w = -u*w + 2*m - 12. What is the highest common factor of 30 and w?
10
Let s(b) be the first derivative of -b**3/3 + 9*b**2/2 - 8*b - 4. Let d be s(7). Calculate the greatest common factor of 54 and d.
6
Let r = 14 + -6. Calculate the highest common divisor of 64 and r.
8
Suppose -5*z + 3*i = 7 + 1, 0 = z - 5*i + 6. Let c be (z/2)/((-3)/78). What is the highest common factor of c and 91?
13
Let o be (-1 - -3)*21/6. Suppose -5 = 3*c + o, c = -5*y + 41. Let w = 10 - y. What is the greatest common divisor of 1 and w?
1
Suppose q = -3*q - 32. Let k be (-386)/q + (-4)/16. Calculate the highest common factor of 12 and k.
12
Suppose -5*n + 0*n + 20 = 0. Suppose 0 = n*a - 7 - 9. Suppose 3 = a*b - 13. What is the highest common divisor of b and 20?
4
Suppose -4*u + 49 = a, 2*a + u = 2*u + 116. What is the highest common factor of a and 627?
57
Let n = 256 - 137. Let m = n - 59. Calculate the highest common factor of 20 and m.
20
Let m be (-6)/(-21) + (-4980)/(-14). Suppose -4*x + 2*v + m = 0, -2*x = -5*v + 56 - 226. Calculate the highest common divisor of 36 and x.
18
Suppose 2*t - 6 = -2*v, 12 = 4*t - 3*v - 0*v. Suppose -t*f + 22 = 5*p - 76, 3*f = 3*p + 114. Calculate the highest common divisor of f and 54.
18
Suppose -3*w + g = -8*w, 2*g - 9 = -w. Let q be w/1*(5 - 10). What is the highest common factor of q and 40?
5
Let h(n) = n**3 - 2*n**2 - 4*n + 4. Let k be h(3). Let g be (-5)/5 - k*-41. Let u(f) = -4*f + 4. Let x be u(-3). What is the highest common factor of x and g?
8
Suppose -4*p + 2 + 2 = 0. Suppose x - p = -6. Let o = x - -8. What is the greatest common factor of o and 27?
3
Let z(o) = -o**2 + 272. Let f be z(-16). Suppose 3*b + 1 = 13. What is the highest common factor of f and b?
4
Suppose -t - 3*b = -5*t + 74, 2*t - 26 = -4*b. Calculate the greatest common factor of t and 34.
17
Suppose -3*l = 3*b - 84, -2*l + 2*b = -43 - 13. Suppose 0 = -5*v + 107 + l. What is the highest common divisor of v and 18?
9
Let j be (-50)/(-13) - 12/(-78). Let c(x) = -2*x**2 + 16*x + 8. Let q be c(6). Calculate the greatest common divisor of q and j.
4
Let a be 45/2 - (-4)/(-8). Suppose -a = h + 5*b, -4*h - 3*b = 3 - 0. Let f = 13 - 4. What is the greatest common factor of f and h?
3
Let k = 1 + 0. Suppose 3*b - 12 = 33. Suppose 6*x - b = 3*x. Calculate the greatest common factor of x and k.
1
Let t be ((-3)/4)/((-2)/40). Let n = t + 3. What is the highest common divisor of 126 and n?
18
Let o(s) be the first derivative of s**4/4 + 2*s**3 - 9*s**2/2 - 5*s - 1. Let r be o(-7). Calculate the greatest common divisor of 9 and r.
9
Let x(m) = -6*m - 7. Let h be x(-3). Suppose -15*q + 32 = -h*q. What is the highest common factor of 8 and q?
8
Suppose -9*j - 200 = -14*j. What is the highest common divisor of j and 10?
10
Let b(d) be the first derivative of -d**4/4 - d**3/3 - d**2/2 + 9*d + 6. Let s be b(0). Let h = 11 + -2. Calculate the greatest common divisor of h and s.
9
Let i = 4 + -1. Suppose -i*r = -p + 2*r + 12, -3*r = 0. What is the highest common factor of p and 12?
12
Let i be (6/(-4))/(3/(-6)) + 9. Let y be (-4)/14 - (-338)/7. Calculate the highest common factor of y and i.
12
Let b(o) = -43*o - 3. Let j be b(-3). Calculate the highest common factor of j and 14.
14
Suppose 0 = 7*s - 29 - 279. What is the highest common factor of s and 66?
22
Let c be ((10 - -1) + 1)*11/2. Let b be -2 - 16/(-3 + 1). What is the greatest common factor of b and c?
6
Let f = 1 + 1. Let t(j) = 4*j**2 - 6 - 3*j**f + j + j**2 + 4*j. Let c be t(-6). Calculate the greatest common divisor of c and 4.
4
Suppose 10 = 7*c - 2*c. What is the greatest common factor of c and 8?
2
Let q be 0 + 2 - 0/(-7). Calculate the highest common divisor of q and 1.
1
Suppose -2*a + 42 = 2*p, 0 = 4*a - 3*a + 3. Suppose 3*s + 0*s = p. Calculate the greatest common factor of 88 and s.
8
Let p(t) = 22*t. Let w be p(1). Let l = 770 - 748. What is the highest common divisor of l and w?
22
Let z = -22 + 10. Let n(a) = -a**3 - 11*a**2 + 11*a + 2. Let o be n(z). What is the highest common divisor of 56 and o?
14
Let p be (4/(-5))/((-2)/(-15)). Let k(j) = -5*j + 2. Let a be k(p). Calculate the greatest common factor of a and 8.
8
Let c be ((-44)/(-22))/(0 + -1) + 14. Calculate the greatest common divisor of 20 and c.
4
Let w = 11 + -3. Calculate the greatest common factor of 8 and w.
8
Let i = 33 + -20. Let t = i + -7. Calculate the greatest com